3, what is 5ab121a1 - 1?
5ab121a0
In base 11, what is 64852a - -109?
648638
In base 8, what is -4 + -277005005?
-277005011
In base 6, what is -25435214 + -1433?
-25441051
In base 8, what is -2 - -110776446?
110776444
In base 4, what is -313123330 + -1330?
-313131320
In base 9, what is -35537860 - -2?
-35537857
In base 2, what is 10110000100001110 - 11101100101?
10101100110101001
In base 11, what is 0 + 16453310?
16453310
In base 16, what is 4919e09 + 1?
4919e0a
In base 2, what is -111010010 + 1001001110011010?
1001000111001000
In base 11, what is -a136230 + 0?
-a136230
In base 9, what is -135073115 + -4?
-135073120
In base 9, what is 2156675 - -31?
2156716
In base 16, what is -3 + -2a6a2a?
-2a6a2d
In base 4, what is -1323212 + -2010?
-1331222
In base 3, what is 120022 - -121200002?
122020101
In base 5, what is -13443130 + 141?
-13442434
In base 12, what is 66 - -82?
128
In base 6, what is 12451502 - 10?
12451452
In base 6, what is 30 + -54345212?
-54345142
In base 3, what is -121122210202 + -110?
-121122211012
In base 14, what is 2 - -191223?
191225
In base 13, what is -14cb4 + -183?
-15167
In base 8, what is 24544 + -1332?
23212
In base 12, what is 4903b44 + 5?
4903b49
In base 10, what is -5 + -9022675?
-9022680
In base 11, what is 159a - 10078?
-9589
In base 6, what is -2541 - 3334433?
-3341414
In base 4, what is -22311203002 - 12?
-22311203020
In base 8, what is -16211 + -357545?
-375756
In base 4, what is 10 - -2021013133?
2021013203
In base 4, what is 222302021103 + 3?
222302021112
In base 5, what is 4321414 - -13202?
4340121
In base 14, what is -199d98 + 4?
-199d94
In base 7, what is -11 - -112045045?
112045034
In base 5, what is -423023 - -3131?
-414342
In base 13, what is 2246a27 - 3?
2246a24
In base 10, what is -359 + -871?
-1230
In base 14, what is -3781 + -646c?
-9c0d
In base 15, what is -1 - 7d609?
-7d60a
In base 10, what is 6682 - 4972?
1710
In base 6, what is -10105232530 - 2?
-10105232532
In base 13, what is -40329 - 104?
-40430
In base 10, what is 578 - 3649?
-3071
In base 13, what is 1099a + -100?
1089a
In base 4, what is -1311 - -1013221231?
1013213320
In base 2, what is -1010 - 1000111110001111101101101?
-1000111110001111101110111
In base 13, what is -a5727b + 4?
-a57277
In base 6, what is 43100 + 50034?
133134
In base 11, what is -7353 + -1326?
-8679
In base 2, what is -1001101100000000010001 - -1111?
-1001101100000000000010
In base 3, what is 1 - -220000002010102212?
220000002010102220
In base 10, what is -31214 - 440?
-31654
In base 9, what is -2820 + -137783?
-141713
In base 2, what is -11010000111010000100100 - -1010000?
-11010000111001111010100
In base 5, what is 112014 - -30014?
142033
In base 13, what is -abb147 - -5?
-abb142
In base 4, what is 12120112 + -23333?
12030113
In base 12, what is 1826088 - -78?
1826144
In base 6, what is -2444521533 - 1?
-2444521534
In base 6, what is -42400 + 1215145?
1132345
In base 2, what is -1100110 - 11111010110100001?
-11111011000000111
In base 9, what is 15 - -1617167?
1617183
In base 16, what is -bbac5 + bf?
-bba06
In base 6, what is 10425320 + 10?
10425330
In base 3, what is -20222 + 100202001021120?
100202001000121
In base 13, what is 8ba5bc8b - 4?
8ba5bc87
In base 2, what is 111 - -100010000110011111111?
100010000110100000110
In base 2, what is -1001110 - -110100101100110100110010?
110100101100110011100100
In base 11, what is -26 + 1218?
11a2
In base 15, what is -6a - -25dc61?
25dbe6
In base 15, what is -6 - 57b2ea?
-57b301
In base 7, what is -31463202 - 23?
-31463225
In base 15, what is c + -30adcc7?
-30adcba
In base 4, what is -12311230022 - 1230?
-12311231312
In base 3, what is 1012111 - 100011?
212100
In base 9, what is -2378 + 827?
-1451
In base 6, what is 130515 + 1105303?
1240222
In base 10, what is -601181 - -85?
-601096
In base 11, what is 351516a - 24?
3515146
In base 16, what is -26226 + -5?
-2622b
In base 16, what is -3 + -83ea7a?
-83ea7d
In base 5, what is 1 - -10243040231?
10243040232
In base 12, what is 6 + 2553999b?
255399a5
In base 14, what is -428 - 11a?
-544
In base 5, what is 212301111 + -10?
212301101
In base 4, what is -3 - 1123313203021?
-1123313203030
In base 3, what is -21011010010221022 + 120?
-21011010010220202
In base 10, what is -49460364 - 1?
-49460365
In base 12, what is -5 + 412a013?
412a00a
In base 16, what is 19199 + 51?
191ea
In base 4, what is -1133 + -313220211?
-313222010
In base 4, what is 100110113 - -1321?
100112100
In base 11, what is 41a + -528?
-109
In base 10, what is -1 - -170508186?
170508185
In base 7, what is 30 + 100456116?
100456146
In base 2, what is 10110011010000011 + 1010011?
10110011011010110
In base 11, what is 20473 + -625?
1a949
In base 6, what is -4234511 - 3?
-4234514
In base 8, what is -27520 + 1503?
-26015
In base 11, what is -3 + 2529683?
2529680
In base 14, what is -5 - -2121cb3?
2121cac
In base 8, what is 4104 + 611?
4715
In base 12, what is -1877 + -21289?
-22b44
In base 2, what is 101 + -1001010110111001000111?
-1001010110111001000010
In base 14, what is 8 - 3051a77?
-3051a6d
In base 3, what is 110 + 220101101002?
220101101112
In base 12, what is -3 - 3208392a?
-32083931
In base 3, what is 1020011220020012211 + 0?
1020011220020012211
In base 9, what is 2315867 - 5?
2315862
In base 13, what is 306 - -653b99?
6541a2
In base 10, what is 2581 - -169529?
172110
In base 5, what is -1023 + -1132120433?
-1132122011
In base 15, what is -7e66 + 2c7a?
-51db
In base 7, what is 54410332 + 32?
54410364
In base 8, what is -4032210 + -14?
-4032224
In base 5, what is -341324330214 + -4?
-341324330223
In base 5, what is -131342042 - 1?
-131342043
In base 12, what is 2a8 - 60a81?
-60795
In base 14, what is 6d2407 - 150?
6d2297
In base 14, what is -11a151 - -8?
-11a147
In base 12, what is -2ba868 - -43?
-2ba825
In base 8, what is 12 + -15530344?
-15530332
In base 5, what is -302201324100 + 0?
-302201324100
In base 6, what is 21 - -103545215?
103545240
In base 14, what is -1 + 40113a?
401139
In base 14, what is -d396 + -264?
-d61a
In base 16, what is -25fc + -4a0?
-2a9c
In base 9, what is 10 - 548056?
-548046
In base 13, what is b3 - 56aa87?
-56a9a4
In base 5, what is 10 + -2312100221?
-2312100211
In base 11, what is -57021 + 10a7?
-55a25
In base 6, what is 24122 - 45420?
-21254
In base 9, what is -3010 + 4324?
1314
In base 16, what is -b3544e - -5?
-b35449
In base 8, what is -1105377 - -33?
-1105344
In base 16, what is -721 + -71ce?
-78ef
In base 3, what is -1010021121 + 121102111?
-111212010
In base 14, what is -1cd9 - -15291?
13396
In base 16, what is -1 + -68a55a?
-68a55b
In base 6, what is 111 - -244552452?
244553003
In base 14, what is -154bd4 + -c0?
-154cb4
In base 9, what is 2 - 58484?
-58482
In base 11, what is -21a07 - 55?
-21a61
In base 4, what is -11302320302 - -101?
-11302320201
In base 5, what is 112404100323 - 10?
112404100313
In base 6, what is -1 - 1054023?
-1054024
In base 5, what is 4 + 213433120?
213433124
In base 16, what is 5 + -4cc51ad?
-4cc51a8
In base 14, what is 10574d - -12c?
10587b
In base 11, what is 340 + 23134?
23474
In base 11, what is -1229 - 4a713?
-50941
In base 10, what is -55342946 - 2?
-55342948
In base 12, what is -a0155 - 66?
-a01bb
In base 14, what is 0 - 1cd0865?
-1cd0865
In base 14, what is 37 - -9d609?
9d642
In base 6, what is 131 + -10035354?
-10035223
In base 8, what is -43 - 1654034?
-1654077
In base 11, what is 4 + 2465158?
2465161
In base 9, what is 1453 - -725011?
726464
In base 5, what is 22031402 + 101?
22032003
In base 3, what is 211010200200110 - 11?
211010200200022
In base 13, what is a85a2 + cb?
a86a0
In base 16, what is 5 - -59faae9?
59faaee
In base 11, what is 4 - a28a071?
-a28a068
In base 7, what is -16052 + -6141?
-25223
In base 12, what is 1 - 54b2756?
-54b2755
In base 11, what is -4a82a9 - 0?
-4a82a9
In base 13, what is -1 - 1647caa5?
-1647caa6
In base 7, what is 16502 + -152032?
-132230
In base 3, what is -21100010 - -20121?
-21002112
In base 8, what is 756452 - -3?
756455
In base 10, what is 11945427 + 3?
11945430
In base 11, what is -4 - -606a20?
606a17
In base 16, what is -e - -129868?
12985a
In base 12, what is -178 - -20312?
20156
In base 10, what is -5272 + 3307?
-1965
In base 7, what is 10460156 + 2?
10460161
In base 7, what is -14 - -5562055?
5562041
In ba